are the prime factors of a - 1 - 0/3?
3, 5
Suppose 3*l = -6, -3*j - 3*l = -4*j + 147. List the prime factors of j.
3, 47
Let d = -31 + 34. Suppose -12 = -0*o - d*o. What are the prime factors of o?
2
Let a be 2197/91 + (-1)/7. Let w = 3 + a. What are the prime factors of w?
3
Let y(v) = 116*v**3 - 3*v**2 + 2*v. Let p be y(1). Let x = 167 - p. List the prime factors of x.
2, 13
Suppose -95 + 385 = 5*o. List the prime factors of o.
2, 29
Suppose -308 + 3548 = 6*c. List the prime factors of c.
2, 3, 5
Let p(s) = 13 - 45*s - 28*s - 9 - 9. List the prime factors of p(-1).
2, 17
Let w = 11 + -8. Let k = w - -1. Suppose -g + k = 1. List the prime factors of g.
3
Let h = 38 + -36. Suppose -546 = h*r - 9*r. What are the prime factors of r?
2, 3, 13
Let t(f) = f**3 - 29*f**2 - 26*f + 54. List the prime factors of t(30).
2, 3, 29
List the prime factors of 6249/12 + ((-3)/12)/(-1).
521
Let r = 112 - -424. List the prime factors of r.
2, 67
Let o(c) = 38*c - 5. Let k = 112 - 106. List the prime factors of o(k).
223
Let w = 49 - 37. What are the prime factors of (0 - (-3)/2)*296/w?
37
Suppose 5*b - 519 = 3096. List the prime factors of b.
3, 241
Let t = 1418 - 841. What are the prime factors of t?
577
Let n(b) = 6*b - 3*b + b**2 + 3*b + b. Let q be n(-7). Suppose q = 2*x + 3*x - 15. List the prime factors of x.
3
Let n(p) = 3*p**2 - 28*p - 35. List the prime factors of n(29).
2, 419
Let y(x) = 10*x**2 + 29*x - 20. Let d(c) = 3*c**2 + 10*c - 7. Let m(l) = -7*d(l) + 2*y(l). List the prime factors of m(-7).
2, 11
Suppose 0 = 5*a - 3*k - 18, 5*a - 1 - 49 = -5*k. Let v = -1 + a. Suppose o - 46 = -0*r - 2*r, 4*r + v*o = 92. What are the prime factors of r?
23
List the prime factors of 2/12 - 4/((-72)/2643).
3, 7
List the prime factors of 639/3*((-1610)/21)/(-5).
2, 23, 71
Suppose 2*i + 3*l = 3*i + 23, 0 = 2*i - 4*l + 40. Let h(v) = v**2 + 7*v - 17. List the prime factors of h(i).
3
Let t(y) = y**2 - 10*y + 1. Suppose -66 = -9*g + 3*g. Let d be t(g). What are the prime factors of (d/(-4) - -2)*-22?
2, 11
Suppose 0 = -169*m + 171*m + 552. Let r = 393 + m. List the prime factors of r.
3, 13
Let s = 509 + -726. Let n = -144 - s. List the prime factors of n.
73
Let s be 4/10 - (-26)/10. Let o = -4 + s. Let m(g) = -20*g - 1. What are the prime factors of m(o)?
19
Let v(r) = -161*r - 183. What are the prime factors of v(-16)?
2393
Let x(b) = b**3 - 2*b. Let w be x(2). Let v(d) = -d + 1. Let k be v(w). List the prime factors of 34 - (-4)/12*k.
3, 11
Let g(z) = z**3 + 12*z**2 + 10*z - 10. Let w be g(-8). Suppose -3*s = 2*u - w, 358 - 123 = 5*s - 5*u. List the prime factors of (6/(-4))/((-3)/s).
2, 13
Let f = 6 - 4. Suppose 0*j + f*j = 6. What are the prime factors of ((-1)/j)/((-3)/261)?
29
Let p = 140 - -2. List the prime factors of p.
2, 71
Let s(u) = -456*u + 15. Let j be s(5). Let p be 2/5 - j/25. Suppose -2*o - 7 = -p. What are the prime factors of o?
2, 3, 7
Let f(k) = k**2 - 7*k - 7. Let i(z) = 6 + 5*z**2 + 0*z**2 + 6*z - 3*z - 6*z**2. Let y be i(5). List the prime factors of f(y).
37
Suppose 17 = i - 4*m, 0 = -2*i - 2*i + m + 68. Let g be (18/5)/(6/45). Let c = i + g. List the prime factors of c.
2, 11
Suppose 5*p = -27*w + 24*w + 10218, 3*w - 10218 = 4*p. What are the prime factors of w?
2, 13, 131
Let m(j) = 312*j - 21. Let x be m(3). What are the prime factors of (6/(-10))/((-3)/x)?
3, 61
Suppose -8*t + 3471 = -1337. List the prime factors of t.
601
Suppose h - 4031 = -2606. List the prime factors of h.
3, 5, 19
Let w = -32 - -44. Suppose -5*a = -4*a - w. List the prime factors of a.
2, 3
Let p(g) = 2*g**3 + g**2 - 2*g + 1. Let f be 6 + (0 - -1) + -3. List the prime factors of p(f).
137
Suppose 4*z - n - 57 = 0, -3*z - 6*n + 44 = -7*n. Let b(c) = c**3 - 12*c**2 - 11*c + 30. List the prime factors of b(z).
2, 7
Let k = 54 - 50. Suppose 2*t + 144 = z, 3*t = -3*z + k*t + 447. What are the prime factors of z?
2, 3, 5
Suppose -596*o - 6867 = -605*o. What are the prime factors of o?
7, 109
Let y(l) = l - 7*l + 8 + l**2 - l. Let n be y(6). Suppose -23 - 9 = -2*g - 4*q, -24 = -n*g - 2*q. What are the prime factors of g?
2
Suppose -6 = -2*f - 2, -182 = 4*s + f. Let z = s - -127. Let a = -6 + z. What are the prime factors of a?
3, 5
List the prime factors of 1 - (30/10 + -3*729).
5, 19, 23
Let m be (-52)/(-5) - 16/40. What are the prime factors of 692/m - 7/35?
3, 23
Suppose 0 = 18*t - 17*t - 1495. List the prime factors of t.
5, 13, 23
Suppose -21 = 3*g + 15. Let u(h) = h**3 + 12*h**2 - 13*h - 16. What are the prime factors of u(g)?
2, 5, 7
Suppose d + 37835 = 48*d. What are the prime factors of d?
5, 7, 23
Let q = 220 - 193. What are the prime factors of q?
3
Suppose -7 = q - k + 5, -k = 5*q + 60. What are the prime factors of q/(-18)*498/(-8)*-2?
83
Let u(v) = v**2 - 7*v + 1. Let s(h) = -7*h - 1. Let l(b) = -15*b - 2. Let d(y) = 6*l(y) - 13*s(y). Let p be d(9). List the prime factors of u(p).
31
Let h = -12 - -5. Let r be (3/(-2))/(h/28). Suppose 3*d - 39 = 3*o, 3*d = 5*o + 37 + r. What are the prime factors of d?
11
Suppose 0*y = 4*y - 64. Let s = y - 6. List the prime factors of s.
2, 5
Suppose 3*i = -2*b + 3*b - 1118, -2*b + 2245 = 3*i. List the prime factors of b.
19, 59
Suppose 19299 = 6*a - 10941. What are the prime factors of a?
2, 3, 5, 7
Suppose 26*b + 1595 = 11319. List the prime factors of b.
2, 11, 17
Suppose 13*a - 6 = 11*a. Suppose -558 = -a*i - 3*m, -5*i - 2*m = -958 + 19. List the prime factors of i.
3, 7
Let h = 4363 - 2002. What are the prime factors of h?
3, 787
Let w(h) = -h - 7. Let t be w(-8). Let g = t + 2. Suppose -4*u - 33 = -6*u + 5*l, -g*l + 36 = 5*u. What are the prime factors of u?
3
Let c be (-194)/(-4) - ((-18)/4 + 4). Let x = -13 + 15. Suppose y + x*y + 4*l = c, 0 = -5*l - 25. List the prime factors of y.
23
Let z be (0 - -3)*(-10)/(-15). Suppose -3*u + r = 24, 5*u - 10 + 39 = -z*r. Let y(n) = -n**2 - 9*n + 1. What are the prime factors of y(u)?
3, 5
Let r = -1 + -3. Let i(h) = -2*h**3 + h**2 + 9*h + 10. What are the prime factors of i(r)?
2, 59
Let v(k) = 19*k**2 - 61*k - 6. What are the prime factors of v(-10)?
2, 313
Suppose 3*v + 63 = -2*p + 3*p, 5*p - 5*v = 285. Let m be 7140/p - (-4)/(-18). Suppose 24 = -l + i + 74, 0 = 3*l + 3*i - m. List the prime factors of l.
47
Let t(r) = 28*r + 44. Let m be t(13). Suppose -m = -3*v + 3*k, 0 = -5*v + v + 2*k + 548. What are the prime factors of v?
2, 3, 23
Let n(t) = t**2 + 24*t + 15. Let g be n(-26). Let y be 7840/77 - 2/(-11). Let c = y - g. What are the prime factors of c?
5, 7
Let r be (11 - 8) + (-1 - 33). Let d = -105 - r. Let m = -37 - d. List the prime factors of m.
37
List the prime factors of (-50)/225 + 12071/9.
3, 149
Suppose 2*v = -2*v - 8. Let c(k) = -10*k**3 - 2*k**2 - k + 1. What are the prime factors of c(v)?
3, 5
Let f = -113 + 163. Let p be 3/7 + f/(-35). What are the prime factors of (-14)/(-2*p/(-2))?
2, 7
Suppose c - 2*c = -10. Suppose -w + 3*w + 2 = m, -w = 5*m - c. What are the prime factors of m?
2
Let s(a) = -64*a - 87. What are the prime factors of s(-21)?
3, 419
Let h(g) = -g**3 - 3*g**2 + 6. Let a be h(-3). Suppose 3*m = -a*m + 369. What are the prime factors of m?
41
Suppose 0 = q + 2*u + 2, -4*q + 0*q - 19 = -3*u. Let l be 4/(q/(-14) + 0). What are the prime factors of (l/6 - 3)*-21?
2, 7
Suppose 2*q = l + 424 + 351, -3*q + 1170 = l. List the prime factors of q.
389
Let b(l) = 2*l**3 - 30*l**2 + 4*l + 22. List the prime factors of b(16).
2, 13, 23
Let v(b) = -b + 7. Let h be v(7). Suppose h = 5*o - o. Suppose -z + 0*z - q + 45 = o, 0 = q. What are the prime factors of z?
3, 5
Let q(d) = -4420*d - 38. What are the prime factors of q(-1)?
2, 7, 313
Suppose -5*y + 20 = -5*h, -7 = -y + 3*h + 3. Let x be (-1)/(2*y/(-34)). Suppose v + q = x, -3*v + 3*q = -4*v + 7. What are the prime factors of v?
2, 11
Let z be ((-15)/6 - -1)*10*-3. Suppose p = x + z, -32 = 3*p + x - 151. What are the prime factors of p?
41
Suppose -12*s + 15654 = 1506. List the prime factors of s.
3, 131
Let c be -38 + 2/((-2)/3). Let o = c - -253. What are the prime factors of o?
2, 53
Suppose -300 = 3*b - 0*b. Let x be -2 - (-7)/(14/b). Let q = -27 - x. What are the prime factors of q?
5
Let u = -694 + 2322. What are the prime factors of u?
2, 11, 37
Let w(p) = -5 - p + p**2 - 4*p - 26 + 0. Wh